derivative of s**2 + 287*s + 11. Let x be i(0). Suppose x = q - 4. Is q a composite number?
True
Suppose 15*c - 19504 = 21071. Is c a prime number?
False
Let j(x) = -197*x**3 - 12*x**2 - 44*x + 16. Is j(-9) composite?
False
Let i = 7855 + 3712. Is i composite?
True
Let l(t) = 97*t**3 + 11*t - 2*t**2 - 4 - 3*t**2 - 156*t**3 + 80*t**3. Is l(3) composite?
True
Suppose 34*h = 42*h - 49736. Is h a composite number?
False
Let w = -27 + 29. Is w + 2 + -5 + 107 composite?
True
Suppose 0 = 5*y + 3*p - 19796, p - 20947 = -5*y - 1145. Is y a composite number?
True
Suppose -4*r = -5*l - 11, r + 0*l + 5*l = 9. Suppose r*f - 1153 - 459 = 0. Is f prime?
False
Suppose 3*p - 5*i + 0*i - 187 = 0, 175 = 3*p + i. Let h = p - 92. Is (40/12)/((-2)/h) a prime number?
False
Suppose -8*p + 7*p + 5 = 0. Let f(b) = 2*b**3 + 2*b**2 - 5*b - 1. Let x be f(p). Suppose -x = -5*c + 741. Is c a composite number?
True
Suppose 4*b - 5*h - 9 = 23, 5*b + 4*h + 1 = 0. Is 0/b - (-5 + -3984) composite?
False
Let h(v) = 22*v**2 - 11*v - 75. Is h(-14) a composite number?
False
Suppose -7832 = -4*t - 1616. Suppose -8 = 2*n - 0, -t = -2*a - 5*n. Is a a composite number?
False
Let r(s) = -s**2 + 11. Let l(f) = -f**2 + f + 12. Let j(i) = -6*l(i) + 5*r(i). Suppose -w + 17 = 5*z - 4*z, 0 = -5*z + 25. Is j(w) composite?
True
Let y(u) = -217*u + 26. Let k = 13 + -16. Is y(k) a prime number?
True
Suppose -173*x = -164*x - 108333. Is x a composite number?
False
Is ((-595203)/(-63))/((-6)/(-18)) a prime number?
False
Is (-3244215)/(-1235) + (17/(-19) - -1) a prime number?
False
Let w(a) = 1. Let z(x) = 31*x + 3. Let r(v) = -6*w(v) + z(v). Is r(2) a composite number?
False
Suppose 5*w = -15, 2*q + 1368 = -q - 3*w. Let t = q - -1666. Is t prime?
True
Let p be (-20)/(-90) + (-1328)/(-18). Is (p/(-4))/((-2)/20) prime?
False
Suppose 4*c = 2*m - 75982, m - 50*c = -51*c + 37985. Is m prime?
True
Let d be 10*-2*3/(-5). Let x = -14 + d. Is x/9 - (-76)/18 a composite number?
True
Let p(s) = -s**2 + s - 1. Let h(f) = 4*f - 980. Let n(m) = -h(m) + p(m). Is n(0) composite?
True
Let g(f) be the second derivative of f**4/4 + 2*f**3 + 10*f**2 - 5*f. Is g(-11) a composite number?
False
Let v(z) = -z**3 - 4*z**2 - 5. Let m be v(-4). Is (-1115)/m + -1 - -1 composite?
False
Let p(l) = 74*l**2 - 3*l + 12. Let o be p(3). Suppose 0 = 3*u - 522 - o. Is u prime?
True
Let d be 81/12*16/(-3). Let l be ((-450)/(-4))/((-27)/d). Let x = 299 - l. Is x prime?
True
Let x(h) = 33*h + 31. Let t(p) = 67*p + 61. Let j(s) = 4*t(s) - 9*x(s). Is j(-9) a composite number?
True
Let r(g) = g**2 - g - 3. Let y be r(-4). Let c = -75 + 138. Let l = c - y. Is l a prime number?
False
Suppose 3*p = 2*p + 79. Let k(l) = 231*l**2 + l + 1. Let x be k(-2). Suppose 4*t = x - p. Is t composite?
False
Suppose -4*b + 9 = 1. Suppose -4*h + b*a + 723 = -a, -535 = -3*h - 5*a. Let d = h - -43. Is d a composite number?
False
Suppose t - 3*c = -t + 1817, 1827 = 2*t - 5*c. Is t a composite number?
True
Suppose 0 = -3*w + 5*b + 81547, 0 = -w - 4*b + 20664 + 6507. Is w prime?
True
Let u(d) = 22*d**2 + 13*d + 125. Is u(-10) a prime number?
False
Is 11248/3 + (130/(-30) - -4) composite?
True
Let o be 20/25*5/2. Suppose -4685 = -3*w + 2*x, -x - 2849 - 276 = -o*w. Is w composite?
True
Let i be 86/((4/46)/(-1)). Let q = i - -1624. Is q a composite number?
True
Is 66942/24*16/12 a composite number?
False
Let f = -2274 - -3217. Is f a prime number?
False
Suppose -8*i + 4*i = -2*t - 82, 3*i - 3*t = 69. Suppose 0 = u - 0*u. Suppose 3*j + y - 372 = u, 111 = j + 2*y - i. Is j a composite number?
True
Is 19/(171/36) - -11575 a prime number?
True
Let b = -11 + 12. Is 3 - (b - 2) - -289 a prime number?
True
Is (-1*(-10 - 4996))/((-4)/(-2)) a composite number?
False
Suppose 0 = 2*y + 8, 3*l + 2899 = -y + 21. Is (-3 - 20/(-8))*l prime?
True
Suppose -91*d = -558788 - 516923. Is d prime?
True
Let u be (1 - -4667)*((-36)/8)/(-9). Suppose 4*f = z + 527 - u, -3*z - 5*f + 5438 = 0. Is z prime?
True
Let n = 60 + -57. Suppose -4*y + f = -2*y - 178, -n*y + 281 = -5*f. Is y a prime number?
False
Suppose 0 = q - i - 10, -5*q - 2*i + 14 = -1. Suppose -p = -q*w - 21, w - 27 = -2*p - 3*p. Is (-4 - -1)*(-46)/p prime?
True
Suppose 0 = 50*f - 651 - 299. Is f composite?
False
Suppose -11 = 3*n - 2*f, -16 = -3*f - 4. Is (n + 0)/(1/(-327)) composite?
True
Is (3 + 0)*(4 - (-61406)/6) prime?
False
Suppose 3*k + 4*b + 17 = 0, 25 = 4*k + k - 4*b. Is 24*(k + 0) + -3 + 1 a prime number?
False
Suppose 11978 = 3*s - 5641. Suppose -4*r - s = -11*r. Is r a composite number?
False
Let z be (7/(-5))/((-1)/5). Let y be (z/(-14))/((-2)/(-4)). Is 252 - ((-3 - y) + 3) a composite number?
False
Let b be 9*1/3 + -994. Let w = 2786 + b. Is w a prime number?
False
Let z(s) = 40*s - 158. Is z(27) composite?
True
Suppose -1177 = -2*b - 3*w, 5*w + 1259 = 4*b - 1040. Is b a composite number?
True
Let v(g) = 69*g**3 + 2*g**2 + 7*g - 31. Is v(6) a composite number?
True
Suppose z = 3638 + 10773. Is z prime?
True
Suppose 0*m - 6955 = -3*m - 2*g, 2*m - 5*g - 4662 = 0. Is m a prime number?
False
Suppose 12*t - 10*t - 3*c = 2950, -4*t + 5912 = -3*c. Is t composite?
False
Suppose 0 = 10*h - 325132 + 45562. Is h a composite number?
True
Let x be ((-15)/(-5))/(6/22). Suppose 6*f + 6515 = x*f. Is f prime?
True
Let u(c) = -1 + 0*c - 1 + 4*c - 3*c. Let s be u(7). Suppose t - b + 1 = 0, -t - s*b + 25 = 2. Is t a prime number?
True
Let r be (1 - 4)/(-1) - (3 - -470). Is r/(-15)*(-4)/((-16)/42) composite?
True
Suppose -2*z - 10 = -7*z. Suppose 4*w = 4*f - 8, z*w - w - 10 = -5*f. Is 50 + (w/1 - 1) a prime number?
False
Let r(v) = -11*v**2 + 2*v + 1. Let n(g) = -56*g**2 + 10*g + 4. Let s(h) = -3*n(h) + 14*r(h). Let z be s(-6). Suppose -2*p + z = -968. Is p a composite number?
False
Let p(l) be the second derivative of 0*l**3 - 1/20*l**5 + 0 + 0*l**4 + 111/2*l**2 - 4*l. Is p(0) composite?
True
Suppose -5*p - 2904 = -u, 5*u - 14420 = 2*p + 3*p. Let x = 4168 - u. Let b = x - 880. Is b a prime number?
True
Suppose 2*d + 2*w - 3590 = 3*w, 0 = 2*d + w - 3582. Is d a prime number?
False
Let f be (-2 - -8)*280/15. Let o be f*(33/(-12) - -4). Let y = -61 + o. Is y composite?
False
Let u(l) = l**3 + 8*l**2 - 5*l. Let f be u(-5). Suppose m = 2*z + 77 - 28, 0 = m - 4*z - 49. Let q = f - m. Is q a prime number?
False
Let d be (57/(-19))/((-2)/(-1524)). Let u = d - -3313. Is u composite?
True
Let z(h) = -1919*h + 163. Is z(-6) a composite number?
False
Suppose -19*r = -2265404 + 320811. Is r a prime number?
False
Suppose 0 = -13*i + 38*i - 143075. Is i a prime number?
False
Is (-88)/(-110) - (-13801)/5 prime?
False
Is (-105715985)/(-165) + (-20)/(-330) a composite number?
True
Let f be ((-3)/4)/((-3)/24). Suppose 0 = -7*u + 2*u - 2*u. Suppose j + 2*j = -3*b + 444, u = -2*j + f. Is b a prime number?
False
Suppose 5*u - 5*n = 20, u - 4*n + 2 = -9*n. Suppose 2*b - 984 = v, u*b - 2*v = 2*v + 1481. Is b a prime number?
True
Suppose 2*y - 4627 = 8197. Suppose 7*c - 3451 = y. Is c composite?
False
Suppose 5*h - 25 = -0*h - 2*i, -5*i + 25 = 0. Let t be (h - 4)/(2/(-8)). Let b(u) = 9*u**3 + 4*u**2 - u - 3. Is b(t) a prime number?
False
Suppose 37*d - 135205 = 128050. Is d composite?
True
Suppose 2*q + 2*x - 6*x - 570 = 0, 282 = q - 5*x. Is q a composite number?
True
Suppose -3*m - 5*v + 0*v = -11293, -5*m = 3*v - 18811. Is m composite?
False
Suppose 2*f + 17 = 15. Is (-6)/(-2) + (567 - f) a composite number?
False
Let u(h) = 6*h + 4. Let z be u(-1). Is (3/3)/(z/(-1126)) composite?
False
Let r be (3/1)/(6/4). Suppose -6*w + w + 15329 = -r*j, 0 = 5*w - 5*j - 15320. Is w prime?
True
Suppose -15*o - 20*o = -1659595. Is o prime?
True
Let a(f) = -869*f**2 + 4*f. Let o(s) = 51271*s**2 - 237*s. Let k(n) = -237*a(n) - 4*o(n). Is k(1) a prime number?
False
Is (-12)/(-14) + (-109975)/(-35) prime?
False
Let g be (-138)/4*8/(-6). Suppose -47*n = -g*n - 191. Is n a prime number?
True
Let f = -9 - -8. Is (2397/(-27) + (-8)/36)/f prime?
True
Let q = 10 - 30. Let y be (q/15)/(1/(-6)). Is (-1676)/(-6)*12/y a prime number?
True
Let d(a) be the third derivative of a**4/6 - a**3/6 - 2*a**2. Let p be 2 - (-4 - -3)*3. Is d(p) a composite number?
False
Suppose 0*r = r - 4*w - 20, -4*r + 3*w + 67 = 0. Suppose -2*s = -r*s + 46102. Is s composite?
True
Let n(x) = 57*x**2 + 9*x + 1